et f(a) = a**2 - 1. Let h(o) = o**2 + 2*o - 1. Let w(k) = x*f(k) + h(k). What is w(2)?
-2
Let y(l) = -3*l - 3. Let g be y(-2). Let s = -7 + 8. Suppose -g*h - p = -h + 10, h = p + s. Let n(i) = -i**3 - 2*i**2 + 3*i - 4. Calculate n(h).
-4
Let f be (3 - (8 + -4))/((-2)/12). Let p(t) be the third derivative of t**5/60 - 7*t**4/24 + 3*t**3/2 + t**2. Determine p(f).
3
Let o(d) = 4*d**3 + d**2 - 4*d + 4. Let b(t) = -t**3 - 1. Let m(g) = -3*b(g) - o(g). Determine m(-3).
5
Let g(d) = -3*d**2 - 3*d - 1. Let v be g(-2). Let k = 0 + v. Let j = -7 - k. Let o(x) = x - 5. Determine o(j).
-5
Let p(o) = 4*o + 1. Let z(f) = -3*f. Let d(j) = j**2 + 6*j - 9. Let c be d(-7). Let l(q) = c*p(q) - 3*z(q). Let k be (-6)/4 + 5/(-10). Give l(k).
-4
Let f(t) = t**3 - t. Let j(k) = 2*k**3 + 6*k**2 - 2*k - 7. Let n(l) = -3*f(l) + j(l). Suppose -g = -4*g + 18. Give n(g).
-1
Let k(d) be the second derivative of d**4/12 + d**3 - 3*d**2/2 + 4*d. Determine k(-6).
-3
Let b(d) = -d**3 - 5*d**2 - 9*d - 4. Let l(i) = 2*i**3 + 10*i**2 + 19*i + 9. Let h(u) = 9*b(u) + 4*l(u). Calculate h(-4).
4
Let d(y) = y + 1. Let w(c) = 5*c**2 - 2*c + 3. Let t(g) = -2*d(g) + w(g). Let h be t(3). Let a(p) = -7 - 2*p**2 + 3*p**2 + h*p - 30*p. What is a(-5)?
-2
Let k(t) be the first derivative of -t**6/120 - t**5/10 - t**4/4 + 5*t**3/6 + 3*t**2/2 - 2. Let m(y) be the second derivative of k(y). What is m(-5)?
10
Let j(h) = -h**3 + 3*h**2 + 5*h + 1. Suppose -20 = -4*v - 4. Determine j(v).
5
Let d(u) = -4*u**2 + 8*u + 2. Let y(z) = 9*z**2 - 17*z - 5. Let n(g) = 13*d(g) + 6*y(g). Calculate n(-3).
8
Let d(y) = -7*y - 32. Let m be d(-4). Let s(b) = -b**2 - 3*b - 2. Give s(m).
-6
Let x(l) = -5*l + 3. Suppose 2 = -8*r + 18. Determine x(r).
-7
Let g be 672/49 - 4/(-14). Let w = 32 - g. Suppose c = m - 3*c + 6, 2*c - w = 3*m. Let s(k) = k + 5. What is s(m)?
-1
Let l(f) = f - 3. Let x be 9/(-3) - (72/(-3))/4. Calculate l(x).
0
Let v(w) be the third derivative of 0*w**3 + 0 - 1/30*w**5 + 0*w**4 + 6*w**2 + 0*w. Let y(g) = g**2 - 3*g - 2. Let k be y(3). Calculate v(k).
-8
Let r(c) = 2*c**3 - c**2 + 2*c - 1. Suppose 1 + 1 = 2*k. Let j be r(k). Let m(y) = j + 4*y + y**3 + 4 + 8*y**2 - 3*y**2. What is m(-4)?
6
Let n(t) = -t - 5. Suppose 0*z + 6 = z. Let o(i) = -i + 5. Let b be o(z). Let f be 1 - (9 + -2) - b. What is n(f)?
0
Let w be -2 + (-5)/(-2) - 60/(-24). Let f(d) = -3*d + 4 + 6*d - d**2 - 2. Calculate f(w).
2
Let f(y) = 2*y**2 - 6*y. Let g(a) = a**3 + 15*a**2 - 33*a + 21. Let x be g(-17). Give f(x).
8
Let c(v) = 1 - 3*v + v - 3*v + 0*v. What is c(-2)?
11
Let i(f) = -f**2 + 10*f - 1. Let d = -48 + 56. Calculate i(d).
15
Let x(d) = d**2 - 4*d**2 - 3*d**2 + 7*d**2 + 7*d + 2. Calculate x(-6).
-4
Let t(w) be the second derivative of w**4/12 - w**3/3 + 3*w**2/2 - 7*w. Suppose -15 - 1 = -4*z - 2*f, 0 = 3*z + 5*f - 26. Determine t(z).
3
Let x(q) = -q**2 + 4*q + 8. Let p be x(6). Let c(i) be the third derivative of -i**5/60 - i**4/6 + i**3/3 + i**2. Calculate c(p).
2
Let d(q) = 5*q**2 + 4*q + 5. Let r(i) = 11*i**2 + 7*i + 10. Let x(m) = 9*d(m) - 4*r(m). Calculate x(-8).
5
Let c(x) = -3*x**3 - x + 1. Let w be 4 - ((-3)/1)/((-7)/7). What is c(w)?
-3
Let i(b) = -2*b + 5*b - 6*b - 6*b. Determine i(1).
-9
Suppose -w + 2 = -0*w. Suppose -14 = -2*d - 4*x, -w*x + 3*x = -d + 6. Suppose 17 = 5*l + o - 5*o, -2*l = -o - d. Let v(z) = -6*z**2 - z. Give v(l).
-7
Let h = -4 + 3. Let o(p) = 7*p - 1. Determine o(h).
-8
Suppose h + 17 = 4*t + t, 0 = 2*t + 2*h - 2. Let q = -3 - -3. Suppose q = 3*a + t*j + j + 4, -3 = 2*a + 3*j. Let m(o) = o**3 - 6. Determine m(a).
-6
Let a(f) = -2*f**2 + 9*f + 13. Let r(g) = -g**2 + 5*g + 7. Let q(l) = -3*a(l) + 5*r(l). Let d = 1 - -2. Give q(d).
-1
Suppose -5 - 1 = -2*l + 3*j, 5*j + 10 = -4*l. Let r(s) = 2 + s + l*s - 1. Let f be 4/(-2) - (-3 - 4). Give r(f).
6
Let g(x) be the first derivative of -x**3/3 + 3*x**2/2 - x - 2. Let j be g(2). Let i(m) = 4*m - 4*m - 7*m + 2*m. What is i(j)?
-5
Let i(n) = -n**2 - 4*n + 3. Let s be i(-4). Let x(m) = s*m + 2*m - 4*m. Let h(r) = -r - 6. Let w be h(-7). Give x(w).
1
Suppose -8 = 2*j - j - 5*p, -2 = j - 2*p. Let u(q) = 0*q**3 - 10*q**2 + j*q + 8*q**2 + 3*q - q**3 - 1. Let o(f) = f - 4. Let l be o(0). Give u(l).
11
Suppose 2*u - 5*k = -11, 0*u = -u + k - 1. Let b(p) = p**3 - 2*p**2 + p + 2. What is b(u)?
4
Let c(r) = -r + 4. Let z be c(0). Let h(w) = -5*w - 3. Let n(v) = 2*v + 1. Let s(k) = 4*h(k) + 11*n(k). Give s(z).
7
Suppose -8*s = -3*s - 30. Let x(a) be the first derivative of -a**4/4 + 2*a**3 - a**2/2 + 3*a - 3. Let m be x(s). Let r(b) = -2*b**2 - 5*b - 2. What is r(m)?
-5
Let m = 27/181 - 353/10860. Let x(o) be the third derivative of 0*o + 7/24*o**4 + 0 + m*o**5 - 4*o**2 + 1/120*o**6 + 0*o**3. Determine x(-6).
-6
Let z(k) = k. Let b(c) = 3*c + 1. Let r(y) = b(y) - 6*z(y). Determine r(1).
-2
Let p(m) = m**2 + 7*m + 4. Let c(y) = -1. Let n(b) = 3*c(b) + p(b). Suppose 0 = -5*f - 34 + 4. Calculate n(f).
-5
Let d(m) = -m. Let h(o) = -46*o + 3 - 3 - 45*o. Let j(i) = -78*d(i) + h(i). Give j(-1).
13
Let k = 48 - 43. Let h(z) = -z + 6. What is h(k)?
1
Suppose 0 = -5*v + 2*v + 9. Let d = v + 0. Suppose -5*w - 17 = -3*n, 5*n + d*w - 5 = -22. Let y(c) = 4*c - 1. What is y(n)?
-5
Let w(h) = 0 - 2*h - 3*h**2 + 4*h**2 + 2 - 3. Let v be (2/(-6))/((-2)/12). Determine w(v).
-1
Let v(u) = -u**3 + 5*u**2 + 5*u. Let t = -22 - -27. Determine v(t).
25
Let q(n) = -n**2 + 14*n + 9. Let w be q(15). Let r(z) = -z**3 - 5*z**2 + 7*z + 5. Give r(w).
-1
Let p(r) = 10*r**3 - r**2 - r + 1. Suppose 2*j - 18 = -3*q, 3*j - q - 6 = -1. Suppose 14 = 2*n - 4*z, 4*n + j*z + 0 = -5. Determine p(n).
9
Let j = 23 + -25. Let a(f) = -f**3 - 2*f**2 - f + 2. Give a(j).
4
Let m(f) = f + 1. Let b(g) = -6*g - 12. Let s(i) = -b(i) - 5*m(i). What is s(0)?
7
Let l(y) = -y**2 + y - 1. Let c(q) = -q**3 + 2*q**2 - 2*q. Let u(m) = c(m) + 3*l(m). Suppose g = 2*g. Give u(g).
-3
Let l(w) = -26*w + 162. Let o be l(6). Let u(k) = -k**2 - 2*k - 5. Let m(a) = a**2 + a + 4. Let g(r) = 7*m(r) + 6*u(r). Determine g(o).
4
Suppose 3*y + 10 = -0*d - d, -2*d + 7 = -3*y. Let c be 4 - 1*(y - -4). Let x(f) = -f**3 + 2*f**2 + f. Determine x(c).
-6
Let b(t) = t. Let d be b(3). Let y(z) = 2 - 7*z + 6*z - d*z. Calculate y(2).
-6
Let k(v) = -v + 0*v**3 + 6*v**2 - 8*v + 2*v - v**3 + 3. Calculate k(5).
-7
Let j(n) = n**3 - n**2 + n + 6. Let d be 0 - 2/(-6)*0. Give j(d).
6
Let b(j) = -j + 5. Suppose 0*s - 2 = 3*s - 4*w, 2*w - 4 = 2*s. Determine b(s).
11
Let x(n) = 3 - n + 10 - 3. Let j(c) = -c**2 + 5*c - 4. Let z be j(3). Let w be (20/z)/((-6)/(-3)). Determine x(w).
5
Let k(u) = 3*u + 9 + 5 - 13. Determine k(-4).
-11
Let z(i) = -i**3 + 3*i**2 - 2*i - 2. Let v = 9 + -5. Suppose 2*b - 4*f = 0, 6*f - 2*f - v = 0. Suppose -b*s + s = -2. Calculate z(s).
-2
Let t = -7 + 4. Let l be 8*(t/2 + 2). Let r(d) = -d**3 - 6*d**2 + 4*d - 3. Let v(o) = o**3 + o**2 - o. Let w(u) = r(u) + 2*v(u). What is w(l)?
5
Let o(b) = -b**3 + 2*b**2 + b. Let t be o(-1). Let x(p) = 2*p**t - 5*p**2 - 3*p**3 + 4*p**3 + 5*p**2 + p. Give x(-2).
-2
Let r(v) = -18 - 17 + v**3 + 4*v**2 - 23 + 64 + 7*v. Give r(-4).
-22
Let z(r) = -r**3 - 7*r**2 + 8*r - 10. Let y be z(-8). Let w = y + 15. Let j be -1 + w/(-1) + 1. Let t(c) = -c**3 - 6*c**2 - 3*c + 4. Determine t(j).
-6
Let x(y) = -3 + 6 + y**2 + 10*y + 1. Determine x(-7).
-17
Suppose -2*l = 4*u + 16, -l + 4*u = -0*l + 2. Let p(g) = 93*g + 3 - 92*g - 1 - 4. Give p(l).
-8
Let r(b) be the second derivative of b**4/12 - 2*b**3/3 + 7*b. Calculate r(2).
-4
Let x(r) = -r**2 - r - 5. Suppose q + 3*d + 6 = -0*q, 3*d = -6. What is x(q)?
-5
Let i(u) = 0*u - u**2 - 1 + u + 6*u. What is i(6)?
5
Let w(b) be the first derivative of -b**3/3 + b**2/2 - b - 1. Let q(o) = o - 2. Let c be q(4). Let k be -1 + 3 + -2 + c. Give w(k).
-3
Let l be (0 + 1)*2 + -2. Let f(z) be the third derivative of l*z**4 - z**2 + 0*z**5 + 0 - 1/6*z**3 + 0*z - 1/40*z**6. What is f(-1)?
2
Let m(s) = -2*s - 3. Let o be 1/1*(-9 + 2). Suppose -2 = -5*u + 6*u. Let i = o - u. What is m(i)?
7
Let l(c) be the second derivative of 1/2*c**3 + 5*c + 0 - 1/12*c**4 + 2*c**2. Give l(5).
-6
Let l(r) = -r**2 - 4*r - 2. Suppose -2*h + 5*m = 2*h + 16, 3*m = 0. Give l(h).
-2
Suppose 12 = 6*k - 18. Let q(a) = -a**3 + 5*a**2 + 3*a - 3. Calculate q(k).
12
Let b(p) = -3*p + 27. Let m be 